49?
6
What is the millions digit of 1572170577?
2
What is the millions digit of 1050660529?
0
What is the units digit of 675961926?
6
What is the units digit of 561885280?
0
What is the millions digit of 2471715616?
1
What is the ten thousands digit of 63839770?
3
What is the hundreds digit of 58226792?
7
What is the ten millions digit of 103706082?
0
What is the billions digit of 8335948184?
8
What is the ten thousands digit of 53799214?
9
What is the tens digit of 154311508?
0
What is the thousands digit of 83262059?
2
What is the hundred millions digit of 245272523?
2
What is the hundred thousands digit of 91941510?
9
What is the hundred millions digit of 349936983?
3
What is the ten millions digit of 109313887?
0
What is the units digit of 3967975?
5
What is the hundreds digit of 2102659?
6
What is the thousands digit of 19492642?
2
What is the units digit of 21791075?
5
What is the tens digit of 9619586?
8
What is the millions digit of 297285448?
7
What is the hundreds digit of 29292359?
3
What is the thousands digit of 5764316?
4
What is the tens digit of 316501113?
1
What is the tens digit of 75233906?
0
What is the hundreds digit of 18782928?
9
What is the hundred millions digit of 130841022?
1
What is the ten thousands digit of 5634328?
3
What is the units digit of 969764804?
4
What is the hundreds digit of 56056583?
5
What is the hundred millions digit of 1251958029?
2
What is the units digit of 1457608987?
7
What is the millions digit of 43392806?
3
What is the tens digit of 643429828?
2
What is the hundreds digit of 2857033876?
8
What is the tens digit of 638794698?
9
What is the hundreds digit of 575352600?
6
What is the thousands digit of 67031841?
1
What is the hundred thousands digit of 3319066?
3
What is the hundreds digit of 56795371?
3
What is the ten thousands digit of 43288963?
8
What is the thousands digit of 81118967?
8
What is the millions digit of 53583377?
3
What is the hundred thousands digit of 203485181?
4
What is the hundreds digit of 19537859?
8
What is the tens digit of 1404094327?
2
What is the ten thousands digit of 4099027009?
2
What is the tens digit of 617002759?
5
What is the ten millions digit of 173560787?
7
What is the thousands digit of 401390449?
0
What is the hundreds digit of 212800838?
8
What is the ten millions digit of 45651232?
4
What is the hundreds digit of 18106650?
6
What is the billions digit of 2242867877?
2
What is the hundreds digit of 1013712596?
5
What is the ten thousands digit of 63257678?
5
What is the hundreds digit of 101281521?
5
What is the tens digit of 467079903?
0
What is the ten millions digit of 1355409563?
5
What is the hundreds digit of 361124632?
6
What is the hundreds digit of 56203729?
7
What is the millions digit of 973497004?
3
What is the ten thousands digit of 1201113464?
1
What is the thousands digit of 14277492?
7
What is the tens digit of 32230753?
5
What is the ten millions digit of 18756418?
1
What is the ten thousands digit of 35345069?
4
What is the billions digit of 1176399942?
1
What is the hundreds digit of 44070098?
0
What is the millions digit of 171189440?
1
What is the units digit of 8985141?
1
What is the units digit of 1156374246?
6
What is the hundreds digit of 71154447?
4
What is the tens digit of 1390609564?
6
What is the ten millions digit of 2559402303?
5
What is the millions digit of 69905767?
9
What is the hundred thousands digit of 373574655?
5
What is the hundred thousands digit of 64743910?
7
What is the hundred thousands digit of 56907160?
9
What is the tens digit of 99763231?
3
What is the ten millions digit of 23981580?
2
What is the hundred thousands digit of 55002478?
0
What is the ten millions digit of 33867883?
3
What is the ten thousands digit of 161917128?
1
What is the ten millions digit of 217431688?
1
What is the units digit of 1518106340?
0
What is the units digit of 1853476867?
7
What is the tens digit of 644065638?
3
What is the tens digit of 18570114?
1
What is the ten thousands digit of 231656952?
5
What is the tens digit of 2051239073?
7
What is the thousands digit of 299469947?
9
What is the hundred thousands digit of 39628934?
6
What is the thousands digit of 223586193?
6
What is the hundreds digit of 55149432?
4
What is the millions digit of 123768292?
3
What is the millions digit of 19107250?
9
What is the hundred thousands digit of 18086874?
0
What is the ten millions digit of 77379193?
7
What is the hundreds digit of 68514148?
1
What is the thousands digit of 11463300?
3
What is the hundred millions digit of 240629743?
2
What is the tens digit of 43739007?
0
What is the ten thousands digit of 120233604?
3
What is the millions digit of 517516072?
7
What is the tens digit of 45416036?
3
What is the thousands digit of 180402926?
2
What is the tens digit of 537593908?
0
What is the hundreds digit of 327458650?
6
What is the millions digit of 133191754?
3
What is the ten thousands digit of 75747372?
4
What is the hundred millions digit of 121064124?
1
What is the tens digit of 82966783?
8
What is the ten millions digit of 193266587?
9
What is the hundreds digit of 2021513666?
6
What is the hundred millions digit of 681900121?
6
What is the ten thousands digit of 260774741?
7
What is the units digit of 87506467?
7
What is the ten millions digit of 63418573?
6
What is the hundreds digit of 1178629763?
7
What is the ten millions digit of 1298836058?
9
What is the millions digit of 198657456?
8
What is the hundred millions digit of 1436247177?
4
What is the millions digit of 1535272496?
5
What is the ten millions digit of 152384991?
5
What is the units digit of 131852030?
0
What is the ten millions digit of 14457321?
1
What is the thousands digit of 12768313?
8
What is the ten thousands digit of 98350110?
5
What is the millions digit of 21832438?
1
What is the ten thousands digit of 746045287?
4
What is the ten thousands digit of 168217870?
1
What is the ten thousands digit of 340972871?
7
What is the millions digit of 76782777?
6
What is the tens digit of 849746637?
3
What is the hundred thousands digit of 34648125?
6
What is the ten millions digit of 15043745?
1
What is the tens digit of 2288940580?
8
What is the millions digit of 293876470?
3
What is the ten thousands digit of 96497772?
9
What is the ten thousands digit of 43253586?
5
What is the thousands digit of 1019549?
9
What is the tens digit of 54969054?
5
What is the thousands digit of 139858539?
8
What is the thousands digit of 241335351?
5
What is the hundred thousands digit of 493124190?
1
What is the tens digit of 998166433?
3
What is the millions digit of 20815557?
0
What is the thousands digit of 55783840?
3
What is the millions digit of 104993184?
4
What is the hundreds digit of 107309797?
7
What is the millions digit of 78428265?
8
What is the ten thousands digit of 1672676685?
7
What is the hundreds digit of 164781055?
0
What is the ten thousands digit of 1791922723?
2
What is the tens digit of 1263391730?
3
What is the thousands digit of 3300951342?
1
What is the ten thousands digit of 310070010?
7
What is the thousands digit of 9788262?
8
What is the hundred millions digit of 245647422?
2
What is the thousands digit of 221721660?
1
What is the tens digit of 1693587865?
6
What is the millions digit of 132382907?
2
What is the hundred thousands digit of 1624974578?
9
What is the units digit of 78504996?
6
What is the ten thousands digit of 27978043?
7
What is the hundreds digit of 5008453953?
9
What is the hundred thousands digit of 1395437821?
4
What is the tens digit of 6355265?
6
What is the hundreds digit of 823385311?
3
What is the ten millions digit of 438078000?
3
What is the tens digit of 1289450068?
6
What is the thousands digit of 175177455?
7
What is the ten thousands digit of 9074430?
7
What is the billions digit of 1816272229?
1
What is the ten millions digit of 24681224?
2
What is the ten millions digit of 53147722?
5
What is the hundred thousands digit of 2206530950?
5
What is the ten thousands digit of 112592156?
9
What is the hundred thousands digit of 22472785?
4
What is the tens digit of 44763186?
8
What is the ten millions digit of 56886657?
5
What is the millions digit of 69836221?
9
What is the hundreds digit of 980628?
6
What i